{"id":48,"date":"2020-11-16T11:36:49","date_gmt":"2020-11-16T10:36:49","guid":{"rendered":"http:\/\/e-cssct.eu\/?page_id=48"},"modified":"2024-05-05T15:59:20","modified_gmt":"2024-05-05T13:59:20","slug":"qui-sommes-nous","status":"publish","type":"page","link":"https:\/\/e-cssct.eu\/index.php\/qui-sommes-nous\/","title":{"rendered":"Qui sommes-nous ?"},"content":{"rendered":"\n<p><\/p>\n\n\n\n<figure class=\"wp-block-image size-full is-resized\"><img loading=\"lazy\" decoding=\"async\" width=\"512\" height=\"512\" src=\"https:\/\/e-cssct.eu\/wp-content\/uploads\/2024\/05\/IMG_0384.jpg\" alt=\"\" class=\"wp-image-224\" style=\"width:243px;height:auto\" srcset=\"https:\/\/e-cssct.eu\/wp-content\/uploads\/2024\/05\/IMG_0384.jpg 512w, https:\/\/e-cssct.eu\/wp-content\/uploads\/2024\/05\/IMG_0384-300x300.jpg 300w, https:\/\/e-cssct.eu\/wp-content\/uploads\/2024\/05\/IMG_0384-150x150.jpg 150w\" sizes=\"auto, (max-width: 512px) 100vw, 512px\" \/><\/figure>\n\n\n\n<p><\/p>\n\n\n\n<p class=\"has-normal-font-size\"><strong>Bienvenue dans notre espace d\u00e9di\u00e9 \u00e0 la sant\u00e9 au travail<\/strong>. Je suis Antonio Ramos, directeur du service de pr\u00e9vention &amp; sant\u00e9 au travail, et expert en pr\u00e9vention des risques professionnels avec plus de 20 ans d&rsquo;exp\u00e9rience. Dipl\u00f4m\u00e9 de l&rsquo;Universit\u00e9 d&rsquo;Assas avec un Dipl\u00f4me Universitaire en Risques Psycho-Sociaux et Qualit\u00e9 de Vie au Travail, je me suis consacr\u00e9 \u00e0 transformer les environnements de travail en espaces s\u00fbrs et sains pour tous.<\/p>\n\n\n\n<p class=\"has-normal-font-size\"><strong>Notre mission<\/strong> est de promouvoir et impl\u00e9menter des strat\u00e9gies de pr\u00e9vention efficaces qui non seulement respectent, mais surpassent les normes r\u00e9glementaires. Nous adoptons une approche proactive pour identifier et att\u00e9nuer les risques, garantissant ainsi le bien-\u00eatre et la s\u00e9curit\u00e9 des employ\u00e9s au travail.<\/p>\n\n\n\n<p class=\"has-normal-font-size\"><strong>Notre \u00e9quipe<\/strong> est compos\u00e9e de professionnels diversifi\u00e9s, incluant des ergonomes, des psychologues du travail, et des sp\u00e9cialistes de la m\u00e9diation. Ensemble, nous travaillons main dans la main avec les entreprises pour cr\u00e9er des environnements de travail qui favorisent la sant\u00e9 mentale et physique des employ\u00e9s.<\/p>\n\n\n\n<p class=\"has-normal-font-size\"><strong>Notre philosophie<\/strong> repose sur l&rsquo;\u00e9coute, l&rsquo;analyse rigoureuse et une collaboration \u00e9troite avec nos clients. Nous croyons que chaque milieu de travail est unique et m\u00e9rite une strat\u00e9gie personnalis\u00e9e qui tient compte de ses sp\u00e9cificit\u00e9s culturelles et organisationnelles.<\/p>\n\n\n\n<p class=\"has-normal-font-size\"><strong>Nos valeurs<\/strong> incluent l&rsquo;int\u00e9grit\u00e9, l&rsquo;innovation, et l&rsquo;excellence. Nous nous engageons \u00e0 fournir des conseils et des solutions bas\u00e9s sur les derni\u00e8res recherches et meilleures pratiques dans le domaine de la sant\u00e9 au travail.<\/p>\n\n\n\n<p class=\"has-normal-font-size\">Rejoignez-nous pour explorer comment nous pouvons vous aider \u00e0 am\u00e9liorer la qualit\u00e9 de vie au travail dans votre organisation, r\u00e9duire les risques psycho-sociaux et cultiver un environnement o\u00f9 chaque employ\u00e9 peut s&rsquo;\u00e9panouir.<\/p>\n\n\n\n<hr class=\"wp-block-separator has-alpha-channel-opacity\"\/>\n\n\n\n<p><\/p>\n\n\n\n<p><\/p>\n","protected":false},"excerpt":{"rendered":"<p>Bienvenue dans notre espace d\u00e9di\u00e9 \u00e0 la sant\u00e9 au travail. Je suis Antonio Ramos, directeur du service de pr\u00e9vention &amp; sant\u00e9 au travail, et expert en pr\u00e9vention des risques professionnels avec plus de 20 ans d&rsquo;exp\u00e9rience. Dipl\u00f4m\u00e9 de l&rsquo;Universit\u00e9 d&rsquo;Assas avec un Dipl\u00f4me Universitaire en Risques Psycho-Sociaux et Qualit\u00e9 de Vie au Travail, je me&#8230;<\/p>\n","protected":false},"author":1,"featured_media":0,"parent":0,"menu_order":0,"comment_status":"closed","ping_status":"closed","template":"","meta":{"footnotes":""},"class_list":["post-48","page","type-page","status-publish","hentry"],"yoast_head":"<!-- This site is optimized with the Yoast SEO plugin v22.8 - https:\/\/yoast.com\/wordpress\/plugins\/seo\/ -->\n<title>Qui sommes-nous ? - Institut Europ\u00e9en de Sant\u00e9 et S\u00e9curit\u00e9 au Travail<\/title>\n<meta name=\"description\" content=\"la pr\u00e9vention de la sant\u00e9 au travail en entreprise, agir sur les situatios de travail, un autre regard sur la pr\u00e9vention des RPS.\" \/>\n<meta name=\"robots\" content=\"index, follow, max-snippet:-1, max-image-preview:large, max-video-preview:-1\" \/>\n<link rel=\"canonical\" href=\"http:\/\/e-cssct.eu\/index.php\/qui-sommes-nous\/\" \/>\n<meta property=\"og:locale\" content=\"fr_FR\" \/>\n<meta property=\"og:type\" content=\"article\" \/>\n<meta property=\"og:title\" content=\"Qui sommes-nous ? - Institut Europ\u00e9en de Sant\u00e9 et S\u00e9curit\u00e9 au Travail\" \/>\n<meta property=\"og:description\" content=\"la pr\u00e9vention de la sant\u00e9 au travail en entreprise, agir sur les situatios de travail, un autre regard sur la pr\u00e9vention des RPS.\" \/>\n<meta property=\"og:url\" content=\"http:\/\/e-cssct.eu\/index.php\/qui-sommes-nous\/\" \/>\n<meta property=\"og:site_name\" content=\"Institut Europ\u00e9en de Sant\u00e9 et S\u00e9curit\u00e9 au Travail\" \/>\n<meta property=\"article:modified_time\" content=\"2024-05-05T13:59:20+00:00\" \/>\n<meta property=\"og:image\" content=\"https:\/\/e-cssct.eu\/wp-content\/uploads\/2024\/05\/IMG_0384.jpg\" \/>\n<meta name=\"twitter:card\" content=\"summary_large_image\" \/>\n<meta name=\"twitter:label1\" content=\"Dur\u00e9e de lecture estim\u00e9e\" \/>\n\t<meta name=\"twitter:data1\" content=\"2 minutes\" \/>\n<script type=\"application\/ld+json\" class=\"yoast-schema-graph\">{\"@context\":\"https:\/\/schema.org\",\"@graph\":[{\"@type\":\"WebPage\",\"@id\":\"http:\/\/e-cssct.eu\/index.php\/qui-sommes-nous\/\",\"url\":\"http:\/\/e-cssct.eu\/index.php\/qui-sommes-nous\/\",\"name\":\"Qui sommes-nous ? - Institut Europ\u00e9en de Sant\u00e9 et S\u00e9curit\u00e9 au Travail\",\"isPartOf\":{\"@id\":\"https:\/\/e-cssct.eu\/#website\"},\"primaryImageOfPage\":{\"@id\":\"http:\/\/e-cssct.eu\/index.php\/qui-sommes-nous\/#primaryimage\"},\"image\":{\"@id\":\"http:\/\/e-cssct.eu\/index.php\/qui-sommes-nous\/#primaryimage\"},\"thumbnailUrl\":\"https:\/\/e-cssct.eu\/wp-content\/uploads\/2024\/05\/IMG_0384.jpg\",\"datePublished\":\"2020-11-16T10:36:49+00:00\",\"dateModified\":\"2024-05-05T13:59:20+00:00\",\"description\":\"la pr\u00e9vention de la sant\u00e9 au travail en entreprise, agir sur les situatios de travail, un autre regard sur la pr\u00e9vention des RPS.\",\"breadcrumb\":{\"@id\":\"http:\/\/e-cssct.eu\/index.php\/qui-sommes-nous\/#breadcrumb\"},\"inLanguage\":\"fr-FR\",\"potentialAction\":[{\"@type\":\"ReadAction\",\"target\":[\"http:\/\/e-cssct.eu\/index.php\/qui-sommes-nous\/\"]}]},{\"@type\":\"ImageObject\",\"inLanguage\":\"fr-FR\",\"@id\":\"http:\/\/e-cssct.eu\/index.php\/qui-sommes-nous\/#primaryimage\",\"url\":\"https:\/\/e-cssct.eu\/wp-content\/uploads\/2024\/05\/IMG_0384.jpg\",\"contentUrl\":\"https:\/\/e-cssct.eu\/wp-content\/uploads\/2024\/05\/IMG_0384.jpg\",\"width\":512,\"height\":512},{\"@type\":\"BreadcrumbList\",\"@id\":\"http:\/\/e-cssct.eu\/index.php\/qui-sommes-nous\/#breadcrumb\",\"itemListElement\":[{\"@type\":\"ListItem\",\"position\":1,\"name\":\"Accueil\",\"item\":\"https:\/\/e-cssct.eu\/\"},{\"@type\":\"ListItem\",\"position\":2,\"name\":\"Qui sommes-nous ?\"}]},{\"@type\":\"WebSite\",\"@id\":\"https:\/\/e-cssct.eu\/#website\",\"url\":\"https:\/\/e-cssct.eu\/\",\"name\":\"Institut Europ\u00e9en de Sant\u00e9 et S\u00e9curit\u00e9 au Travail\",\"description\":\"Sant\u00e9 et s\u00e9curit\u00e9 au travail : e-cssct.eu vous accompagne\",\"publisher\":{\"@id\":\"https:\/\/e-cssct.eu\/#organization\"},\"potentialAction\":[{\"@type\":\"SearchAction\",\"target\":{\"@type\":\"EntryPoint\",\"urlTemplate\":\"https:\/\/e-cssct.eu\/?s={search_term_string}\"},\"query-input\":\"required name=search_term_string\"}],\"inLanguage\":\"fr-FR\"},{\"@type\":\"Organization\",\"@id\":\"https:\/\/e-cssct.eu\/#organization\",\"name\":\"Groupe Instant\",\"url\":\"https:\/\/e-cssct.eu\/\",\"logo\":{\"@type\":\"ImageObject\",\"inLanguage\":\"fr-FR\",\"@id\":\"https:\/\/e-cssct.eu\/#\/schema\/logo\/image\/\",\"url\":\"https:\/\/e-cssct.eu\/wp-content\/uploads\/2019\/11\/cropped-cropped-400dpiLogo-1-scaled-4.png\",\"contentUrl\":\"https:\/\/e-cssct.eu\/wp-content\/uploads\/2019\/11\/cropped-cropped-400dpiLogo-1-scaled-4.png\",\"width\":2367,\"height\":1171,\"caption\":\"Groupe Instant\"},\"image\":{\"@id\":\"https:\/\/e-cssct.eu\/#\/schema\/logo\/image\/\"}}]}<\/script>\n<!-- \/ Yoast SEO plugin. -->","yoast_head_json":{"title":"Qui sommes-nous ? - Institut Europ\u00e9en de Sant\u00e9 et S\u00e9curit\u00e9 au Travail","description":"la pr\u00e9vention de la sant\u00e9 au travail en entreprise, agir sur les situatios de travail, un autre regard sur la pr\u00e9vention des RPS.","robots":{"index":"index","follow":"follow","max-snippet":"max-snippet:-1","max-image-preview":"max-image-preview:large","max-video-preview":"max-video-preview:-1"},"canonical":"http:\/\/e-cssct.eu\/index.php\/qui-sommes-nous\/","og_locale":"fr_FR","og_type":"article","og_title":"Qui sommes-nous ? - Institut Europ\u00e9en de Sant\u00e9 et S\u00e9curit\u00e9 au Travail","og_description":"la pr\u00e9vention de la sant\u00e9 au travail en entreprise, agir sur les situatios de travail, un autre regard sur la pr\u00e9vention des RPS.","og_url":"http:\/\/e-cssct.eu\/index.php\/qui-sommes-nous\/","og_site_name":"Institut Europ\u00e9en de Sant\u00e9 et S\u00e9curit\u00e9 au Travail","article_modified_time":"2024-05-05T13:59:20+00:00","og_image":[{"url":"https:\/\/e-cssct.eu\/wp-content\/uploads\/2024\/05\/IMG_0384.jpg"}],"twitter_card":"summary_large_image","twitter_misc":{"Dur\u00e9e de lecture estim\u00e9e":"2 minutes"},"schema":{"@context":"https:\/\/schema.org","@graph":[{"@type":"WebPage","@id":"http:\/\/e-cssct.eu\/index.php\/qui-sommes-nous\/","url":"http:\/\/e-cssct.eu\/index.php\/qui-sommes-nous\/","name":"Qui sommes-nous ? - Institut Europ\u00e9en de Sant\u00e9 et S\u00e9curit\u00e9 au Travail","isPartOf":{"@id":"https:\/\/e-cssct.eu\/#website"},"primaryImageOfPage":{"@id":"http:\/\/e-cssct.eu\/index.php\/qui-sommes-nous\/#primaryimage"},"image":{"@id":"http:\/\/e-cssct.eu\/index.php\/qui-sommes-nous\/#primaryimage"},"thumbnailUrl":"https:\/\/e-cssct.eu\/wp-content\/uploads\/2024\/05\/IMG_0384.jpg","datePublished":"2020-11-16T10:36:49+00:00","dateModified":"2024-05-05T13:59:20+00:00","description":"la pr\u00e9vention de la sant\u00e9 au travail en entreprise, agir sur les situatios de travail, un autre regard sur la pr\u00e9vention des RPS.","breadcrumb":{"@id":"http:\/\/e-cssct.eu\/index.php\/qui-sommes-nous\/#breadcrumb"},"inLanguage":"fr-FR","potentialAction":[{"@type":"ReadAction","target":["http:\/\/e-cssct.eu\/index.php\/qui-sommes-nous\/"]}]},{"@type":"ImageObject","inLanguage":"fr-FR","@id":"http:\/\/e-cssct.eu\/index.php\/qui-sommes-nous\/#primaryimage","url":"https:\/\/e-cssct.eu\/wp-content\/uploads\/2024\/05\/IMG_0384.jpg","contentUrl":"https:\/\/e-cssct.eu\/wp-content\/uploads\/2024\/05\/IMG_0384.jpg","width":512,"height":512},{"@type":"BreadcrumbList","@id":"http:\/\/e-cssct.eu\/index.php\/qui-sommes-nous\/#breadcrumb","itemListElement":[{"@type":"ListItem","position":1,"name":"Accueil","item":"https:\/\/e-cssct.eu\/"},{"@type":"ListItem","position":2,"name":"Qui sommes-nous ?"}]},{"@type":"WebSite","@id":"https:\/\/e-cssct.eu\/#website","url":"https:\/\/e-cssct.eu\/","name":"Institut Europ\u00e9en de Sant\u00e9 et S\u00e9curit\u00e9 au Travail","description":"Sant\u00e9 et s\u00e9curit\u00e9 au travail : e-cssct.eu vous accompagne","publisher":{"@id":"https:\/\/e-cssct.eu\/#organization"},"potentialAction":[{"@type":"SearchAction","target":{"@type":"EntryPoint","urlTemplate":"https:\/\/e-cssct.eu\/?s={search_term_string}"},"query-input":"required name=search_term_string"}],"inLanguage":"fr-FR"},{"@type":"Organization","@id":"https:\/\/e-cssct.eu\/#organization","name":"Groupe Instant","url":"https:\/\/e-cssct.eu\/","logo":{"@type":"ImageObject","inLanguage":"fr-FR","@id":"https:\/\/e-cssct.eu\/#\/schema\/logo\/image\/","url":"https:\/\/e-cssct.eu\/wp-content\/uploads\/2019\/11\/cropped-cropped-400dpiLogo-1-scaled-4.png","contentUrl":"https:\/\/e-cssct.eu\/wp-content\/uploads\/2019\/11\/cropped-cropped-400dpiLogo-1-scaled-4.png","width":2367,"height":1171,"caption":"Groupe Instant"},"image":{"@id":"https:\/\/e-cssct.eu\/#\/schema\/logo\/image\/"}}]}},"_links":{"self":[{"href":"https:\/\/e-cssct.eu\/index.php\/wp-json\/wp\/v2\/pages\/48","targetHints":{"allow":["GET"]}}],"collection":[{"href":"https:\/\/e-cssct.eu\/index.php\/wp-json\/wp\/v2\/pages"}],"about":[{"href":"https:\/\/e-cssct.eu\/index.php\/wp-json\/wp\/v2\/types\/page"}],"author":[{"embeddable":true,"href":"https:\/\/e-cssct.eu\/index.php\/wp-json\/wp\/v2\/users\/1"}],"replies":[{"embeddable":true,"href":"https:\/\/e-cssct.eu\/index.php\/wp-json\/wp\/v2\/comments?post=48"}],"version-history":[{"count":4,"href":"https:\/\/e-cssct.eu\/index.php\/wp-json\/wp\/v2\/pages\/48\/revisions"}],"predecessor-version":[{"id":225,"href":"https:\/\/e-cssct.eu\/index.php\/wp-json\/wp\/v2\/pages\/48\/revisions\/225"}],"wp:attachment":[{"href":"https:\/\/e-cssct.eu\/index.php\/wp-json\/wp\/v2\/media?parent=48"}],"curies":[{"name":"wp","href":"https:\/\/api.w.org\/{rel}","templated":true}]}}